5. Is c composite?
True
Let s be 3/(-2) + (-39)/(-6). Suppose 0 = s*v + 5, -3*v + 11 = 5*g - 6. Is 27 + g - (0 + 0) prime?
True
Suppose 5*i = 5 + 10. Suppose -3*q - i = -15. Suppose 9*s - q*s = 245. Is s a prime number?
False
Suppose 4*x + 4*r = -0*x - 4, 5*x = 5*r + 35. Suppose 0 = -5*u + 25, -330 - 149 = -2*v + x*u. Suppose 12 = 3*c, 3*w + 0*w = 5*c + v. Is w a composite number?
False
Let z = -17 - -24. Let k be z/(2*2/12). Is (6/9)/(1/k) a composite number?
True
Let s(x) = x**2 - 7*x - 4. Let b be s(8). Suppose 0 = 3*i + 4*q - 13, q - 2*q - 11 = -b*i. Suppose -k = -i*k + 74. Is k prime?
True
Is -5 + (-44)/(-8) - 5762/(-4) a prime number?
False
Let d be (3 + 0 + -2)*21. Suppose 15 = -3*n + 4*i - 34, 0 = -n + 4*i - 19. Let l = d + n. Is l a prime number?
False
Suppose 2*r = 2 - 6. Is (11/(-33))/(r/4782) a prime number?
True
Let u = 19 - -108. Is u a prime number?
True
Let d(m) = -6*m - 4 - 3 - 5*m. Is d(-4) composite?
False
Let g be -2 + (-3 - -1) + -224. Let t = 491 + g. Is t a prime number?
True
Let p(c) = 31*c**2 - 7*c + 5. Let j(r) = -31*r**2 + 7*r - 5. Let o(y) = -5*j(y) - 4*p(y). Is o(4) a composite number?
True
Let d(q) = -10*q**2 - 2*q + 2. Let p(n) = -n**2. Let m(j) = -d(j) - p(j). Is m(2) a prime number?
False
Let h = -180 - -257. Is h a composite number?
True
Let o(w) = -61*w. Is o(-11) a prime number?
False
Let c = 867 - 610. Is c a composite number?
False
Let t = 33 - -9. Let m = 5 + t. Suppose -g + 0*g = -3*o - 22, -2*g + m = -5*o. Is g a prime number?
True
Let y = -27 - -50. Suppose -t + h + y = 0, -3*h + 7*h = -3*t + 55. Is t composite?
True
Is (0 - -2)*(-745)/(-2) a composite number?
True
Let l(d) = d**2 + 5*d - 4. Let p be l(-5). Let b(g) = g**3 - 4*g**2 - 5. Let s be b(p). Let j = s - -212. Is j a composite number?
False
Let x = 206 - 3. Is x composite?
True
Suppose 5*w + 3*o - 578 = 0, 4*o + 1 = 5. Let d = 161 - w. Suppose -10 - d = -4*c. Is c a composite number?
True
Let n(m) = 4*m**2 - m - 133. Let x(u) = -11*u**2 + 2*u + 399. Let a(z) = 8*n(z) + 3*x(z). Is a(0) a prime number?
False
Let b(h) = h**2 - 9. Let p be b(0). Let k be (2 + -1)*(1 - p). Is (10/(-3))/(k/(-75)) prime?
False
Let w(y) = -145*y - 17. Is w(-4) a prime number?
True
Let x(t) = 2*t + 37. Is x(17) a composite number?
False
Let t(h) = 40*h - 39*h - 4 + 18*h. Is t(17) composite?
True
Let p(r) = -r**2 - 1. Let z(k) = 4*k**2 - k + 152. Let j(y) = 3*p(y) + z(y). Is j(0) a prime number?
True
Suppose -4*v - 451 = -5*b, -b + 265 = 2*b - v. Is b a prime number?
False
Let j(v) = 57*v**2 + 7. Is j(4) a composite number?
False
Let o be (-3)/(-2)*(-4)/(-3). Suppose 22 = o*h + 4*z, 4*h = 2*z + 13 + 11. Suppose -2*p + h*p - 465 = 0. Is p prime?
False
Suppose -5*s - c + 19418 = -4*c, -3*s - c + 11648 = 0. Is s prime?
False
Suppose g + 30 = -4*g. Let q(m) = m + 9. Let s be q(g). Is (1 - s) + (1 - -78) composite?
True
Let u(b) = -b - 72. Let o be u(0). Let s be o/(-45)*(-5)/(-2). Suppose 5*f - 49 = s*f. Is f composite?
True
Suppose 0 = -4*k + 3*k + 2. Let m = 187 - k. Is m composite?
True
Let i(z) = 114*z**2 - 2*z - 13. Is i(-2) a prime number?
False
Suppose -2*t - 43 = -5*y - 295, 144 = -3*y + 3*t. Let h = 137 + y. Is h a composite number?
True
Suppose -l - 16 = -5. Let x(y) = y**2 - y. Let s be x(5). Let t = s - l. Is t a prime number?
True
Let q(k) = 5*k**3 - 5*k**2 - k + 4. Let n be 80/15 - (-2)/(-6). Is q(n) a prime number?
True
Is 3*((-40)/(-3) - 3) composite?
False
Let z = -8 + 10. Let s(f) = -12*f**2 + z + 4*f - f + 14*f**2. Is s(-7) prime?
True
Let l(f) = -f**3 + 10*f**2 + f + 10. Let q be l(10). Suppose 3*g - q = 16. Suppose 3*s = 3*i + g + 24, 66 = 5*s - 3*i. Is s a composite number?
True
Is 556 + 2 + 1 + 0 prime?
False
Let z = -366 + 887. Is z composite?
False
Let y(t) = -30*t + 13. Is y(-12) composite?
False
Let q(w) = -2 + 51*w**3 + 0*w - 52*w**3 + 5*w**2 - 3*w. Let j be q(3). Suppose 2*m + 195 = j*m. Is m prime?
False
Let n(t) = t - 1. Let z be n(-2). Let l = z - -6. Is (-65)/((-1*3)/l) composite?
True
Let k = -2 + 10. Let i be 2493/12 + 2/k. Let o = i + -123. Is o prime?
False
Let i be (-5)/25 - 822/(-10). Suppose -5*j - i = -477. Is j composite?
False
Suppose 29 = 5*m - 11. Is 4/m + (-207)/(-6) a composite number?
True
Let l(z) = -4 - z + 2*z**2 + z - z + 4*z. Let g be l(-3). Suppose 0 = 3*h - g*h + 298. Is h composite?
False
Is 4/(-4)*(-129 - -2) a composite number?
False
Suppose -r + 3*b - 4*b + 416 = 0, 0 = -4*r + 4*b + 1640. Is r composite?
True
Let m = 6 - 15. Let u(x) = 5*x + 10. Let p(q) = -q. Let g(k) = 4*p(k) - u(k). Is g(m) a composite number?
False
Suppose -2*z + 40 - 1392 = -5*t, -2*z = 2. Let i = t - 191. Is i prime?
True
Suppose -4 = -5*k + 6. Is (-38)/4*(-8)/k a composite number?
True
Suppose -4*v - 5*j = -288, -v = 4*v + 4*j - 360. Is (-12)/42 + v/7 composite?
True
Let l = -3 + 5. Suppose l*p = -3*k + 172, 0*k - 2*p = k - 52. Suppose 0 = 3*r - k - 51. Is r a prime number?
True
Let s = 8151 + -5680. Is s composite?
True
Suppose 3 = 2*w + 9. Is 68 + 0 + w*1 prime?
False
Suppose -5*y - 1 + 21 = 0, 0 = -4*m - 5*y + 16. Is 385/33*(2 - m) a prime number?
False
Suppose -4*w + 708 = -1016. Is w composite?
False
Let t be ((-2)/(-5))/(2/30). Is (-4)/t + (-1918)/(-6) a prime number?
False
Let x = 7 + -3. Suppose 6 + x = 2*h. Suppose h*s - 159 - 86 = 0. Is s prime?
False
Suppose 4*l - 2*h = 142 + 174, -h = 4*l - 322. Is (-2 + l - -1) + 0 a prime number?
True
Suppose 0 = 5*j + 3*p - 70, -4*p + 5*p + 28 = 2*j. Let k = 65 + j. Is k a composite number?
False
Let p = 945 + -496. Is p composite?
False
Let z(b) = -115*b - 35. Let o(g) = 19*g + 6. Let h(v) = v**3 + 2*v**2 - 3*v - 2. Let y be h(-2). Let k(w) = y*z(w) + 25*o(w). Is k(7) a composite number?
True
Let a(y) be the second derivative of 53*y**4/12 - 3*y. Is a(1) a prime number?
True
Suppose -g + 4*f + 24 = -0*f, 4*f = -g + 40. Suppose c = g + 45. Is c a composite number?
True
Suppose 11 = -4*i - 1, -4*i - 129 = 3*u. Let w = u + 78. Is w composite?
True
Suppose j + 3*h + 2*h = 64, j - 104 = 3*h. Is j a prime number?
True
Let f = 7 + -7. Suppose 4*a - 4228 = -f*a. Is a prime?
False
Let c(v) = v**2 - v - 5. Let a be c(0). Let k(z) = -z**3 + 4*z**2 + 3*z + 3. Is k(a) composite?
True
Suppose 5*i + 5*u - 4215 = 0, 2*i + i - 2*u = 2509. Is i a composite number?
False
Suppose 0*d = d - 2. Suppose -2*t - 5*z + 20 = -z, 2*z - 22 = -4*t. Suppose 0 = 2*k + k - 6, t*b = d*k + 48. Is b a prime number?
True
Suppose -14*r = -13*r - 229. Let t = 386 - r. Is t a composite number?
False
Suppose -3*d + d + 20 = 0. Suppose -3*w = -w + d. Is (-552)/(-15) + (-1)/w composite?
False
Let z(c) = -c**3 - 10*c**2 - c - 9. Let h be z(-10). Is (-9)/18*(-311 + h) a composite number?
True
Let l = 241 + -164. Suppose 3*r = 2*r + l. Is r prime?
False
Let o(c) = c. Let y(i) = -7*i**2 + i + 1. Let p(h) = -6*o(h) - y(h). Is p(-6) a prime number?
True
Suppose -4 = -h - 3*m, 3*m - 11 = -2*h - 3. Suppose h*r + 2*x - 34 = 0, 5*r + 8*x - 47 = 4*x. Is r a prime number?
True
Let u(i) = -6*i**3 + i**2 - 4*i. Let k be u(3). Let a = 296 + k. Is a composite?
False
Let d = -1447 + 3600. Is d a prime number?
True
Let i = -397 + 596. Is i prime?
True
Suppose -3*g + 4 = -3*s + 1, -4*s + 26 = g. Is ((-121)/1)/(g + -7) a composite number?
True
Let v = 7 + -3. Suppose -v*p + 98 = 22. Is p a composite number?
False
Let s(p) be the first derivative of -7/2*p**2 + 4*p + 2 + 2/3*p**3. Is s(7) a composite number?
False
Suppose r + 0 - 18 = -5*o, 5*r = o + 12. Suppose -2*a + 324 = a + r*x, 0 = -a + 2*x + 117. Is a a composite number?
True
Let g = 4472 - 2151. Is g composite?
True
Let m(d) = -2 + d**3 - 10 + 9*d**2 - 2*d**3 + d. Let o be m(9). Is (1 - -44) + o + 5 composite?
False
Let r(i) = 10*i + 12*i**2 + 2 - 7 - 8*i. Is r(-3) a prime number?
True
Is 1401*((-1)/(-3) + 0) composite?
False
Let u(t) = -5*t**3 - 5*t**2 - 7*t + 3. Let q(p) = -6*p**3 - 6*p**2 - 8*p + 4. Let i(j) = -4*q(j) + 5*u(j). Is i(-3) composite?
True
Suppose 295 = 3*m + 2*x - x, 2*x - 202 = -2*m. Is m a prime number?
True
Is (3310/(-8))/((-4)/16) a prime number?
False
Let b = -3 - -3. Suppose 0 = 2*t + 2*w - 668, b = 2*w + w + 15. Is 4/(-6) - t/(-9) a composite number?
False
Let j = 8 + -6. Let i be j/9 - (-34)/9. Suppose 2*d + o = -0*o + 34, -5*d + 111 = -i*o. Is d prime?
True
Suppose 0 